{"id":1340,"date":"2025-10-29T03:22:48","date_gmt":"2025-10-29T03:22:48","guid":{"rendered":"https:\/\/www.acra.fi\/?page_id=1340"},"modified":"2025-11-06T05:48:57","modified_gmt":"2025-11-06T05:48:57","slug":"contact","status":"publish","type":"page","link":"https:\/\/www.acra.fi\/index.php\/contact\/","title":{"rendered":"Contact"},"content":{"rendered":"<style>.kb-row-layout-id1340_7925ca-0c > .kt-row-column-wrap{align-content:center;}:where(.kb-row-layout-id1340_7925ca-0c > .kt-row-column-wrap) > .wp-block-kadence-column{justify-content:center;}.kb-row-layout-id1340_7925ca-0c > .kt-row-column-wrap{column-gap:var(--global-kb-gap-none, 0rem );row-gap:var(--global-kb-gap-md, 2rem);max-width:1230px;margin-left:auto;margin-right:auto;padding-top:29px;padding-right:0px;padding-bottom:27px;padding-left:0px;grid-template-columns:minmax(0, calc(90% - ((var(--global-kb-gap-none, 0rem ) * 1 )\/2)))minmax(0, calc(10% - ((var(--global-kb-gap-none, 0rem ) * 1 )\/2)));}.kb-row-layout-id1340_7925ca-0c{background-image:url('https:\/\/www.acra.fi\/wp-content\/uploads\/2025\/10\/taustakuva.png');background-size:cover;background-position:56.00000000000001% 22%;background-attachment:scroll;background-repeat:no-repeat;}.kb-row-layout-id1340_7925ca-0c > .kt-row-layout-overlay{opacity:0.10;background-color:var(--global-palette3, #1A202C);}.kb-row-layout-id1340_7925ca-0c .kt-row-layout-bottom-sep{height:37px;}.kb-row-layout-id1340_7925ca-0c .kt-row-layout-bottom-sep svg{width:100%;}.kb-row-layout-id1340_7925ca-0c .kt-row-layout-bottom-sep svg{fill:#ffffff!important;}@media all and (max-width: 1024px){.kb-row-layout-id1340_7925ca-0c > .kt-row-column-wrap{padding-top:140px;padding-right:20px;padding-bottom:0px;padding-left:20px;min-height:100vh;grid-template-columns:minmax(0, 1fr);}}@media all and (max-width: 1024px){.kb-row-layout-id1340_7925ca-0c .kt-row-layout-bottom-sep{height:0px;}}@media all and (max-width: 1024px){.kb-row-layout-id1340_7925ca-0c .kt-row-layout-bottom-sep svg{width:100%;}}@media all and (min-width: 768px) and (max-width: 1024px){.kb-row-layout-id1340_7925ca-0c{display:none !important;}}@media all and (max-width: 767px){.kb-row-layout-id1340_7925ca-0c > .kt-row-column-wrap{min-height:100vh;grid-template-columns:minmax(0, 1fr);}.kb-row-layout-id1340_7925ca-0c .kt-row-layout-bottom-sep{height:0px;}.kb-row-layout-id1340_7925ca-0c .kt-row-layout-bottom-sep svg{width:100%;}.kb-row-layout-id1340_7925ca-0c{display:none !important;}}<\/style><div class=\"kb-row-layout-wrap kb-row-layout-id1340_7925ca-0c alignnone kb-v-md-hidden kb-v-sm-hidden kt-row-has-bg wp-block-kadence-rowlayout\"><div class=\"kt-row-layout-overlay kt-row-overlay-normal\"><\/div><div class=\"kt-row-column-wrap kt-has-2-columns kt-row-layout-equal kt-tab-layout-row kt-mobile-layout-row kt-row-valign-middle\">\n<style>.kadence-column1340_b1d14f-75 > .kt-inside-inner-col{padding-top:10px;padding-right:10px;padding-bottom:10px;padding-left:10px;}.kadence-column1340_b1d14f-75 > .kt-inside-inner-col,.kadence-column1340_b1d14f-75 > .kt-inside-inner-col:before{border-top-left-radius:0px;border-top-right-radius:0px;border-bottom-right-radius:0px;border-bottom-left-radius:0px;}.kadence-column1340_b1d14f-75 > .kt-inside-inner-col{column-gap:var(--global-kb-gap-sm, 1rem);}.kadence-column1340_b1d14f-75 > .kt-inside-inner-col{flex-direction:column;}.kadence-column1340_b1d14f-75 > .kt-inside-inner-col > .aligncenter{width:100%;}.kadence-column1340_b1d14f-75 > .kt-inside-inner-col:before{opacity:0.3;}.kadence-column1340_b1d14f-75{position:relative;}@media all and (max-width: 1024px){.kadence-column1340_b1d14f-75 > .kt-inside-inner-col{flex-direction:column;}}@media all and (max-width: 767px){.kadence-column1340_b1d14f-75 > .kt-inside-inner-col{flex-direction:column;}}<\/style>\n<div class=\"wp-block-kadence-column kadence-column1340_b1d14f-75 inner-column-1\"><div class=\"kt-inside-inner-col\"><\/div><\/div>\n\n\n<style>.kadence-column1340_1fb05b-98 > .kt-inside-inner-col,.kadence-column1340_1fb05b-98 > .kt-inside-inner-col:before{border-top-left-radius:0px;border-top-right-radius:0px;border-bottom-right-radius:0px;border-bottom-left-radius:0px;}.kadence-column1340_1fb05b-98 > .kt-inside-inner-col{column-gap:var(--global-kb-gap-sm, 1rem);}.kadence-column1340_1fb05b-98 > .kt-inside-inner-col{flex-direction:column;}.kadence-column1340_1fb05b-98 > .kt-inside-inner-col > .aligncenter{width:100%;}.kadence-column1340_1fb05b-98 > .kt-inside-inner-col:before{opacity:0.3;}.kadence-column1340_1fb05b-98{position:relative;}@media all and (max-width: 1024px){.kadence-column1340_1fb05b-98 > .kt-inside-inner-col{flex-direction:column;}}@media all and (max-width: 767px){.kadence-column1340_1fb05b-98 > .kt-inside-inner-col{flex-direction:column;}}<\/style>\n<div class=\"wp-block-kadence-column kadence-column1340_1fb05b-98\"><div class=\"kt-inside-inner-col\"><\/div><\/div>\n\n<\/div><\/div>\n\n<style>.kb-row-layout-id1340_f9b46c-cb > .kt-row-column-wrap{align-content:start;}:where(.kb-row-layout-id1340_f9b46c-cb > .kt-row-column-wrap) > .wp-block-kadence-column{justify-content:start;}.kb-row-layout-id1340_f9b46c-cb > .kt-row-column-wrap{column-gap:var(--global-kb-gap-md, 2rem);row-gap:var(--global-kb-gap-md, 2rem);padding-bottom:var(--global-kb-spacing-sm, 1.5rem);grid-template-columns:minmax(0, 1fr);}.kb-row-layout-id1340_f9b46c-cb > .kt-row-layout-overlay{opacity:0.30;}@media all and (max-width: 1024px){.kb-row-layout-id1340_f9b46c-cb > .kt-row-column-wrap{grid-template-columns:minmax(0, 1fr);}}@media all and (max-width: 767px){.kb-row-layout-id1340_f9b46c-cb > .kt-row-column-wrap{grid-template-columns:minmax(0, 1fr);}}<\/style><div class=\"kb-row-layout-wrap kb-row-layout-id1340_f9b46c-cb alignnone wp-block-kadence-rowlayout\"><div class=\"kt-row-column-wrap kt-has-1-columns kt-row-layout-equal kt-tab-layout-inherit kt-mobile-layout-row kt-row-valign-top\">\n<style>.kadence-column1340_c2392a-a0 > .kt-inside-inner-col,.kadence-column1340_c2392a-a0 > .kt-inside-inner-col:before{border-top-left-radius:0px;border-top-right-radius:0px;border-bottom-right-radius:0px;border-bottom-left-radius:0px;}.kadence-column1340_c2392a-a0 > .kt-inside-inner-col{column-gap:var(--global-kb-gap-sm, 1rem);}.kadence-column1340_c2392a-a0 > .kt-inside-inner-col{flex-direction:column;}.kadence-column1340_c2392a-a0 > .kt-inside-inner-col > .aligncenter{width:100%;}.kadence-column1340_c2392a-a0 > .kt-inside-inner-col:before{opacity:0.3;}.kadence-column1340_c2392a-a0{position:relative;}@media all and (max-width: 1024px){.kadence-column1340_c2392a-a0 > .kt-inside-inner-col{flex-direction:column;}}@media all and (max-width: 767px){.kadence-column1340_c2392a-a0 > .kt-inside-inner-col{flex-direction:column;}}<\/style>\n<div class=\"wp-block-kadence-column kadence-column1340_c2392a-a0\"><div class=\"kt-inside-inner-col\"><style>.kb-row-layout-id1340_552885-98 > .kt-row-column-wrap{align-content:start;}:where(.kb-row-layout-id1340_552885-98 > .kt-row-column-wrap) > .wp-block-kadence-column{justify-content:start;}.kb-row-layout-id1340_552885-98 > .kt-row-column-wrap{column-gap:var(--global-kb-gap-md, 2rem);row-gap:var(--global-kb-gap-md, 2rem);padding-top:var(--global-kb-spacing-sm, 1.5rem);padding-bottom:var(--global-kb-spacing-sm, 1.5rem);grid-template-columns:minmax(0, 1fr);}.kb-row-layout-id1340_552885-98 > .kt-row-layout-overlay{opacity:0.30;}@media all and (max-width: 1024px){.kb-row-layout-id1340_552885-98 > .kt-row-column-wrap{padding-top:var(--global-kb-spacing-xxl, 5rem);grid-template-columns:minmax(0, 1fr);}}@media all and (max-width: 767px){.kb-row-layout-id1340_552885-98 > .kt-row-column-wrap{padding-top:var(--global-kb-spacing-xxl, 5rem);grid-template-columns:minmax(0, 1fr);}}<\/style><div class=\"kb-row-layout-wrap kb-row-layout-id1340_552885-98 alignnone wp-block-kadence-rowlayout\"><div class=\"kt-row-column-wrap kt-has-1-columns kt-row-layout-equal kt-tab-layout-inherit kt-mobile-layout-row kt-row-valign-top\">\n<style>.kadence-column1340_06b305-5c > .kt-inside-inner-col,.kadence-column1340_06b305-5c > .kt-inside-inner-col:before{border-top-left-radius:0px;border-top-right-radius:0px;border-bottom-right-radius:0px;border-bottom-left-radius:0px;}.kadence-column1340_06b305-5c > .kt-inside-inner-col{column-gap:var(--global-kb-gap-sm, 1rem);}.kadence-column1340_06b305-5c > .kt-inside-inner-col{flex-direction:column;}.kadence-column1340_06b305-5c > .kt-inside-inner-col > .aligncenter{width:100%;}.kadence-column1340_06b305-5c > .kt-inside-inner-col:before{opacity:0.3;}.kadence-column1340_06b305-5c{position:relative;}@media all and (max-width: 1024px){.kadence-column1340_06b305-5c > .kt-inside-inner-col{flex-direction:column;}}@media all and (max-width: 767px){.kadence-column1340_06b305-5c > .kt-inside-inner-col{flex-direction:column;}}<\/style>\n<div class=\"wp-block-kadence-column kadence-column1340_06b305-5c\"><div class=\"kt-inside-inner-col\"><style>.wp-block-kadence-advancedheading.kt-adv-heading1340_310574-fe, .wp-block-kadence-advancedheading.kt-adv-heading1340_310574-fe[data-kb-block=\"kb-adv-heading1340_310574-fe\"]{text-align:center;font-size:var(--global-kb-font-size-lg, 2rem);font-style:normal;text-transform:none;}.wp-block-kadence-advancedheading.kt-adv-heading1340_310574-fe mark.kt-highlight, .wp-block-kadence-advancedheading.kt-adv-heading1340_310574-fe[data-kb-block=\"kb-adv-heading1340_310574-fe\"] mark.kt-highlight{font-style:normal;color:#f76a0c;-webkit-box-decoration-break:clone;box-decoration-break:clone;padding-top:0px;padding-right:0px;padding-bottom:0px;padding-left:0px;}<\/style>\n<h2 class=\"kt-adv-heading1340_310574-fe wp-block-kadence-advancedheading\" data-kb-block=\"kb-adv-heading1340_310574-fe\">Contact<\/h2>\n\n\n<style>.kb-row-layout-id1340_db86b1-54 > .kt-row-column-wrap{align-content:start;}:where(.kb-row-layout-id1340_db86b1-54 > .kt-row-column-wrap) > .wp-block-kadence-column{justify-content:start;}.kb-row-layout-id1340_db86b1-54 > .kt-row-column-wrap{column-gap:var(--global-kb-gap-md, 2rem);row-gap:var(--global-kb-gap-md, 2rem);padding-top:var(--global-kb-spacing-sm, 1.5rem);padding-bottom:var(--global-kb-spacing-sm, 1.5rem);grid-template-columns:repeat(2, minmax(0, 1fr));}.kb-row-layout-id1340_db86b1-54 > .kt-row-layout-overlay{opacity:0.30;}@media all and (max-width: 1024px){.kb-row-layout-id1340_db86b1-54 > .kt-row-column-wrap{grid-template-columns:repeat(2, minmax(0, 1fr));}}@media all and (max-width: 767px){.kb-row-layout-id1340_db86b1-54 > .kt-row-column-wrap{grid-template-columns:minmax(0, 1fr);}}<\/style><div class=\"kb-row-layout-wrap kb-row-layout-id1340_db86b1-54 alignnone wp-block-kadence-rowlayout\"><div class=\"kt-row-column-wrap kt-has-2-columns kt-row-layout-equal kt-tab-layout-inherit kt-mobile-layout-row kt-row-valign-top\">\n<style>.kadence-column1340_fe66ae-e8 > .kt-inside-inner-col,.kadence-column1340_fe66ae-e8 > .kt-inside-inner-col:before{border-top-left-radius:0px;border-top-right-radius:0px;border-bottom-right-radius:0px;border-bottom-left-radius:0px;}.kadence-column1340_fe66ae-e8 > .kt-inside-inner-col{column-gap:var(--global-kb-gap-sm, 1rem);}.kadence-column1340_fe66ae-e8 > .kt-inside-inner-col{flex-direction:column;}.kadence-column1340_fe66ae-e8 > .kt-inside-inner-col > .aligncenter{width:100%;}.kadence-column1340_fe66ae-e8 > .kt-inside-inner-col:before{opacity:0.3;}.kadence-column1340_fe66ae-e8{position:relative;}@media all and (max-width: 1024px){.kadence-column1340_fe66ae-e8 > .kt-inside-inner-col{flex-direction:column;}}@media all and (max-width: 767px){.kadence-column1340_fe66ae-e8 > .kt-inside-inner-col{flex-direction:column;}}<\/style>\n<div class=\"wp-block-kadence-column kadence-column1340_fe66ae-e8\"><div class=\"kt-inside-inner-col\"><style>.wp-block-kadence-advancedheading.kt-adv-heading1340_5705b7-81, .wp-block-kadence-advancedheading.kt-adv-heading1340_5705b7-81[data-kb-block=\"kb-adv-heading1340_5705b7-81\"]{padding-left:var(--global-kb-spacing-xs, 1rem);text-align:center;font-weight:400;font-style:normal;font-family:Roboto;text-transform:none;}.wp-block-kadence-advancedheading.kt-adv-heading1340_5705b7-81 mark.kt-highlight, .wp-block-kadence-advancedheading.kt-adv-heading1340_5705b7-81[data-kb-block=\"kb-adv-heading1340_5705b7-81\"] mark.kt-highlight{font-style:normal;color:#f76a0c;-webkit-box-decoration-break:clone;box-decoration-break:clone;padding-top:0px;padding-right:0px;padding-bottom:0px;padding-left:0px;}<\/style>\n<h3 class=\"kt-adv-heading1340_5705b7-81 wp-block-kadence-advancedheading\" data-kb-block=\"kb-adv-heading1340_5705b7-81\"><strong>ACRA<\/strong><br>info@acra.fi<br><br><\/h3>\n<\/div><\/div>\n\n\n<style>.kadence-column1340_ca1748-40 > .kt-inside-inner-col,.kadence-column1340_ca1748-40 > .kt-inside-inner-col:before{border-top-left-radius:0px;border-top-right-radius:0px;border-bottom-right-radius:0px;border-bottom-left-radius:0px;}.kadence-column1340_ca1748-40 > .kt-inside-inner-col{column-gap:var(--global-kb-gap-sm, 1rem);}.kadence-column1340_ca1748-40 > .kt-inside-inner-col{flex-direction:column;}.kadence-column1340_ca1748-40 > .kt-inside-inner-col > .aligncenter{width:100%;}.kadence-column1340_ca1748-40 > .kt-inside-inner-col:before{opacity:0.3;}.kadence-column1340_ca1748-40{position:relative;}@media all and (max-width: 1024px){.kadence-column1340_ca1748-40 > .kt-inside-inner-col{flex-direction:column;}}@media all and (max-width: 767px){.kadence-column1340_ca1748-40 > .kt-inside-inner-col{flex-direction:column;}}<\/style>\n<div class=\"wp-block-kadence-column kadence-column1340_ca1748-40\"><div class=\"kt-inside-inner-col\"><style>.wp-block-kadence-advanced-form1343-cpt-id, .wp-block-kadence-advanced-form1343-cpt-id.kb-form-has-background{padding-left:var(--global-kb-spacing-xs, 1rem);}<\/style><div class=\"wp-block-kadence-advanced-form wp-block-kadence-advanced-form1343-cpt-id kb-adv-form-label-style-normal kb-adv-form-input-size-standard kb-form-basic-style wp-block-kadence-advanced-form\"><form id=\"kb-adv-form-1343-cpt-id\" class=\"kb-advanced-form\" method=\"post\">\n<style>.kb-row-layout-id1340_26075a-7a > .kt-row-column-wrap{align-content:start;}:where(.kb-row-layout-id1340_26075a-7a > .kt-row-column-wrap) > .wp-block-kadence-column{justify-content:start;}.kb-row-layout-id1340_26075a-7a > .kt-row-column-wrap{column-gap:var(--global-kb-gap-md, 2rem);row-gap:var(--global-kb-gap-md, 2rem);padding-top:0px;padding-right:0px;padding-bottom:0px;padding-left:0px;grid-template-columns:repeat(2, minmax(0, 1fr));}.kb-row-layout-id1340_26075a-7a > .kt-row-layout-overlay{opacity:0.30;}@media all and (max-width: 1024px){.kb-row-layout-id1340_26075a-7a > .kt-row-column-wrap{grid-template-columns:repeat(2, minmax(0, 1fr));}}@media all and (max-width: 767px){.kb-row-layout-id1340_26075a-7a > .kt-row-column-wrap{grid-template-columns:minmax(0, 1fr);}}<\/style><div class=\"kb-row-layout-wrap kb-row-layout-id1340_26075a-7a alignnone wp-block-kadence-rowlayout\"><div class=\"kt-row-column-wrap kt-has-2-columns kt-row-layout-equal kt-tab-layout-inherit kt-mobile-layout-row kt-row-valign-top\">\n<style>.kadence-column1340_650185-01 > .kt-inside-inner-col,.kadence-column1340_650185-01 > .kt-inside-inner-col:before{border-top-left-radius:0px;border-top-right-radius:0px;border-bottom-right-radius:0px;border-bottom-left-radius:0px;}.kadence-column1340_650185-01 > .kt-inside-inner-col{column-gap:var(--global-kb-gap-sm, 1rem);}.kadence-column1340_650185-01 > .kt-inside-inner-col{flex-direction:column;}.kadence-column1340_650185-01 > .kt-inside-inner-col > .aligncenter{width:100%;}.kadence-column1340_650185-01 > .kt-inside-inner-col:before{opacity:0.3;}.kadence-column1340_650185-01{position:relative;}@media all and (max-width: 1024px){.kadence-column1340_650185-01 > .kt-inside-inner-col{flex-direction:column;}}@media all and (max-width: 767px){.kadence-column1340_650185-01 > .kt-inside-inner-col{flex-direction:column;}}<\/style>\n<div class=\"wp-block-kadence-column kadence-column1340_650185-01\"><div class=\"kt-inside-inner-col\"><div class=\"kb-adv-form-field kb-adv-form-text-type-input kb-adv-form-infield-type-input kb-field1343e7a7ee-5e wp-block-kadence-advanced-form-text\"><label class=\"kb-adv-form-label\" for=\"field1343e7a7ee-5e\">Name<\/label><input name=\"fielde7a7ee-5e\" id=\"field1343e7a7ee-5e\" data-label=\"Name\" type=\"text\" placeholder=\"\" value=\"\" data-type=\"text\" class=\"kb-field kb-text-field\" data-required=\"no\" \/><\/div><\/div><\/div>\n\n\n<style>.kadence-column1340_a19a0e-6a > .kt-inside-inner-col,.kadence-column1340_a19a0e-6a > .kt-inside-inner-col:before{border-top-left-radius:0px;border-top-right-radius:0px;border-bottom-right-radius:0px;border-bottom-left-radius:0px;}.kadence-column1340_a19a0e-6a > .kt-inside-inner-col{column-gap:var(--global-kb-gap-sm, 1rem);}.kadence-column1340_a19a0e-6a > .kt-inside-inner-col{flex-direction:column;}.kadence-column1340_a19a0e-6a > .kt-inside-inner-col > .aligncenter{width:100%;}.kadence-column1340_a19a0e-6a > .kt-inside-inner-col:before{opacity:0.3;}.kadence-column1340_a19a0e-6a{position:relative;}@media all and (max-width: 1024px){.kadence-column1340_a19a0e-6a > .kt-inside-inner-col{flex-direction:column;}}@media all and (max-width: 767px){.kadence-column1340_a19a0e-6a > .kt-inside-inner-col{flex-direction:column;}}<\/style>\n<div class=\"wp-block-kadence-column kadence-column1340_a19a0e-6a\"><div class=\"kt-inside-inner-col\"><div class=\"kb-adv-form-field kb-adv-form-text-type-input kb-adv-form-infield-type-input kb-field1343cecfab-d4 wp-block-kadence-advanced-form-email\"><label class=\"kb-adv-form-label\" for=\"field1343cecfab-d4\">Email<span class=\"kb-adv-form-required\">*<\/span><\/label><input name=\"fieldcecfab-d4\" id=\"field1343cecfab-d4\" data-label=\"Email\" type=\"email\" placeholder=\"\" value=\"\" data-type=\"email\" class=\"kb-field kb-email-field\" data-required=\"yes\" required aria-required=\"true\"\/><\/div><\/div><\/div>\n\n<\/div><\/div>\n\n<div class=\"kb-adv-form-field kb-adv-form-text-type-input kb-adv-form-infield-type-input kb-field13433979a4-84 wp-block-kadence-advanced-form-textarea\"><label class=\"kb-adv-form-label\" for=\"field13433979a4-84\">Message<span class=\"kb-adv-form-required\">*<\/span><\/label><textarea name=\"field3979a4-84\" id=\"field13433979a4-84\" rows=\"3\"  data-label=\"Message\" placeholder=\"\" data-type=\"textarea\" class=\"kb-field kb-textarea-field\" data-required=\"yes\" required aria-required=\"true\"><\/textarea><\/div>\n\n<style>.kb-submit-field.kb-field46d79c-fc{justify-content:flex-start;}<\/style><div class=\"kb-adv-form-field kb-submit-field kb-field46d79c-fc wp-block-kadence-advanced-form-submit\"><button class=\"kb-button kt-button button kb-adv-form-submit-button kb-btn46d79c-fc kt-btn-size-standard kt-btn-width-type-fixed kb-btn-global-fill kt-btn-has-text-true kt-btn-has-svg-false\" type=\"submit\"><span class=\"kt-btn-inner-text\">Submit<\/span><\/button><\/div>\n<input type=\"hidden\" name=\"_kb_adv_form_post_id\" value=\"1343\"><input type=\"hidden\" name=\"action\" value=\"kb_process_advanced_form_submit\"><input type=\"hidden\" name=\"_kb_adv_form_id\" value=\"1343-cpt-id\"><\/form><\/div><\/div><\/div>\n\n<\/div><\/div><\/div><\/div>\n\n<\/div><\/div><\/div><\/div>\n\n<\/div><\/div>\n\n<style>.kb-row-layout-id1340_de9ce9-12 > .kt-row-column-wrap{align-content:start;}:where(.kb-row-layout-id1340_de9ce9-12 > .kt-row-column-wrap) > .wp-block-kadence-column{justify-content:start;}.kb-row-layout-id1340_de9ce9-12 > .kt-row-column-wrap{column-gap:var(--global-kb-gap-md, 2rem);row-gap:var(--global-kb-gap-md, 2rem);padding-top:var(--global-kb-spacing-sm, 1.5rem);padding-bottom:var(--global-kb-spacing-sm, 1.5rem);grid-template-columns:minmax(0, 1fr);}.kb-row-layout-id1340_de9ce9-12 > .kt-row-layout-overlay{opacity:0.30;}@media all and (max-width: 1024px){.kb-row-layout-id1340_de9ce9-12 > .kt-row-column-wrap{grid-template-columns:minmax(0, 1fr);}}@media all and (max-width: 767px){.kb-row-layout-id1340_de9ce9-12 > .kt-row-column-wrap{grid-template-columns:minmax(0, 1fr);}}<\/style><div class=\"kb-row-layout-wrap kb-row-layout-id1340_de9ce9-12 alignnone wp-block-kadence-rowlayout\"><div class=\"kt-row-column-wrap kt-has-1-columns kt-row-layout-equal kt-tab-layout-inherit kt-mobile-layout-row kt-row-valign-top\">\n<style>.kadence-column1340_f64ad2-ef > .kt-inside-inner-col,.kadence-column1340_f64ad2-ef > .kt-inside-inner-col:before{border-top-left-radius:0px;border-top-right-radius:0px;border-bottom-right-radius:0px;border-bottom-left-radius:0px;}.kadence-column1340_f64ad2-ef > .kt-inside-inner-col{column-gap:var(--global-kb-gap-sm, 1rem);}.kadence-column1340_f64ad2-ef > .kt-inside-inner-col{flex-direction:column;}.kadence-column1340_f64ad2-ef > .kt-inside-inner-col > .aligncenter{width:100%;}.kadence-column1340_f64ad2-ef > .kt-inside-inner-col:before{opacity:0.3;}.kadence-column1340_f64ad2-ef{position:relative;}@media all and (max-width: 1024px){.kadence-column1340_f64ad2-ef > .kt-inside-inner-col{flex-direction:column;}}@media all and (max-width: 767px){.kadence-column1340_f64ad2-ef > .kt-inside-inner-col{flex-direction:column;}}<\/style>\n<div class=\"wp-block-kadence-column kadence-column1340_f64ad2-ef\"><div class=\"kt-inside-inner-col\"><style>.kb-row-layout-id1340_445f26-ab > .kt-row-column-wrap{align-content:start;}:where(.kb-row-layout-id1340_445f26-ab > .kt-row-column-wrap) > .wp-block-kadence-column{justify-content:start;}.kb-row-layout-id1340_445f26-ab > .kt-row-column-wrap{column-gap:var(--global-kb-gap-md, 2rem);row-gap:var(--global-kb-gap-md, 2rem);max-width:1686px;margin-left:auto;margin-right:auto;padding-top:var(--global-kb-spacing-sm, 1.5rem);padding-bottom:var(--global-kb-spacing-sm, 1.5rem);grid-template-columns:minmax(0, 1fr);}.kb-row-layout-id1340_445f26-ab > .kt-row-layout-overlay{opacity:0.30;}@media all and (max-width: 1024px){.kb-row-layout-id1340_445f26-ab > .kt-row-column-wrap{grid-template-columns:minmax(0, 1fr);}}@media all and (max-width: 767px){.kb-row-layout-id1340_445f26-ab > .kt-row-column-wrap{grid-template-columns:minmax(0, 1fr);}}<\/style><div class=\"kb-row-layout-wrap kb-row-layout-id1340_445f26-ab alignnone wp-block-kadence-rowlayout\"><div class=\"kt-row-column-wrap kt-has-1-columns kt-row-layout-equal kt-tab-layout-inherit kt-mobile-layout-row kt-row-valign-top\">\n<style>.kadence-column1340_a95d5d-2e > .kt-inside-inner-col,.kadence-column1340_a95d5d-2e > .kt-inside-inner-col:before{border-top-left-radius:0px;border-top-right-radius:0px;border-bottom-right-radius:0px;border-bottom-left-radius:0px;}.kadence-column1340_a95d5d-2e > .kt-inside-inner-col{column-gap:var(--global-kb-gap-sm, 1rem);}.kadence-column1340_a95d5d-2e > .kt-inside-inner-col{flex-direction:column;}.kadence-column1340_a95d5d-2e > .kt-inside-inner-col > .aligncenter{width:100%;}.kadence-column1340_a95d5d-2e > .kt-inside-inner-col:before{opacity:0.3;}.kadence-column1340_a95d5d-2e{position:relative;}@media all and (max-width: 1024px){.kadence-column1340_a95d5d-2e > .kt-inside-inner-col{flex-direction:column;}}@media all and (max-width: 767px){.kadence-column1340_a95d5d-2e > .kt-inside-inner-col{flex-direction:column;}}<\/style>\n<div class=\"wp-block-kadence-column kadence-column1340_a95d5d-2e\"><div class=\"kt-inside-inner-col\"><style>.kb-google-maps-container1340_5f7884-80{height:450px;}<\/style><div class=\"kb-google-maps-container kb-google-maps-container1340_5f7884-80  wp-block-kadence-googlemaps\" data-mapid=\"1340_5f788480\"><iframe width=\"100%\" height=\"100%\"\n\t\t\t\t\t\t\tstyle=\"border:0\" loading=\"lazy\"\n\t\t\t\t\t\t\tsrc=\"https:\/\/www.google.com\/maps\/embed\/v1\/place?key=AIzaSyBAM2o7PiQqwk15LC1XRH2e_KJ-jUa7KYk&#038;zoom=3&#038;maptype=roadmap&#038;q=kehr%C3%A4%C3%A4m%C3%B6ntie+7%2C+kajaani\"\n\t\t\t\t\t\t\ttitle=\"Google map of kehr\u00e4\u00e4m\u00f6ntie 7, kajaani\"><\/iframe><\/div><script>function kb_google_map1340_5f788480() { let center = { lat: 37.8201, lng: -122.4781}; let map = new google.maps.Map(document.getElementById(\"kb-google-map1340_5f788480\"), {\n\t\t\t\t\t    zoom: 3,\n\t\t\t\t\t    center: center,});let marker = new google.maps.Marker({   position: { lat: 37.8201, lng: -122.4781},    map: map,  });}<\/script><\/div><\/div>\n\n<\/div><\/div><\/div><\/div>\n\n<\/div><\/div>\n\n\n<p><\/p>\n","protected":false},"excerpt":{"rendered":"<p>Contact ACRAinfo@acra.fi<\/p>\n","protected":false},"author":1,"featured_media":0,"parent":0,"menu_order":0,"comment_status":"closed","ping_status":"closed","template":"","meta":{"_kadence_starter_templates_imported_post":true,"_kad_post_transparent":"","_kad_post_title":"hide","_kad_post_layout":"fullwidth","_kad_post_sidebar_id":"","_kad_post_content_style":"unboxed","_kad_post_vertical_padding":"hide","_kad_post_feature":"hide","_kad_post_feature_position":"","_kad_post_header":false,"_kad_post_footer":false,"footnotes":""},"class_list":["post-1340","page","type-page","status-publish","hentry"],"_links":{"self":[{"href":"https:\/\/www.acra.fi\/index.php\/wp-json\/wp\/v2\/pages\/1340","targetHints":{"allow":["GET"]}}],"collection":[{"href":"https:\/\/www.acra.fi\/index.php\/wp-json\/wp\/v2\/pages"}],"about":[{"href":"https:\/\/www.acra.fi\/index.php\/wp-json\/wp\/v2\/types\/page"}],"author":[{"embeddable":true,"href":"https:\/\/www.acra.fi\/index.php\/wp-json\/wp\/v2\/users\/1"}],"replies":[{"embeddable":true,"href":"https:\/\/www.acra.fi\/index.php\/wp-json\/wp\/v2\/comments?post=1340"}],"version-history":[{"count":12,"href":"https:\/\/www.acra.fi\/index.php\/wp-json\/wp\/v2\/pages\/1340\/revisions"}],"predecessor-version":[{"id":1480,"href":"https:\/\/www.acra.fi\/index.php\/wp-json\/wp\/v2\/pages\/1340\/revisions\/1480"}],"wp:attachment":[{"href":"https:\/\/www.acra.fi\/index.php\/wp-json\/wp\/v2\/media?parent=1340"}],"curies":[{"name":"wp","href":"https:\/\/api.w.org\/{rel}","templated":true}]}}